{"id":23,"date":"2022-06-02T16:51:44","date_gmt":"2022-06-02T19:51:44","guid":{"rendered":"http:\/\/hatchadourian.com.ar\/?page_id=23"},"modified":"2023-06-26T20:14:56","modified_gmt":"2023-06-26T23:14:56","slug":"inicio","status":"publish","type":"page","link":"https:\/\/hatchadourian.com.ar\/web\/","title":{"rendered":"INICIO"},"content":{"rendered":"<div class=\"slider-wrapper relative \" id=\"slider-2037497715\" >\n    <div class=\"slider slider-nav-circle slider-nav-large slider-nav-light slider-style-normal\"\n        data-flickity-options='{\n            \"cellAlign\": \"center\",\n            \"imagesLoaded\": true,\n            \"lazyLoad\": 1,\n            \"freeScroll\": false,\n            \"wrapAround\": true,\n            \"autoPlay\": 6000,\n            \"pauseAutoPlayOnHover\" : true,\n            \"prevNextButtons\": true,\n            \"contain\" : true,\n            \"adaptiveHeight\" : true,\n            \"dragThreshold\" : 10,\n            \"percentPosition\": true,\n            \"pageDots\": true,\n            \"rightToLeft\": false,\n            \"draggable\": true,\n            \"selectedAttraction\": 0.1,\n            \"parallax\" : 0,\n            \"friction\": 0.6        }'\n        >\n        \n\n  <div class=\"banner has-hover\" id=\"banner-885308637\">\n          <div class=\"banner-inner fill\">\n        <div class=\"banner-bg fill\" >\n            <div class=\"bg fill bg-fill \"><\/div>\n                                    \n                    <\/div><!-- bg-layers -->\n        <div class=\"banner-layers container\">\n            <div class=\"fill banner-link\"><\/div>            \n   <div id=\"text-box-1096803262\" class=\"text-box banner-layer x50 md-x50 lg-x50 y50 md-y50 lg-y50 res-text\">\n                     <div data-animate=\"flipInY\">           <div class=\"text dark\">\n              \n              <div class=\"text-inner text-center\">\n                  \n<h3 class=\"alt-font\">Soluciones en todas las \u00e1reas<\/h3>\n<div class=\"is-divider divider clearfix\" style=\"margin-top:3px;margin-bottom:3px;\"><\/div><!-- .divider -->\n<h2 class=\"normal\"><span style=\"font-size: 120%;\"><strong>Contador P\u00fablico<br \/><\/strong><\/span><\/h2>\n<h3 class=\"normal\">\u00a0<\/h3>\n              <\/div>\n           <\/div><!-- text-box-inner -->\n       <\/div>                     \n<style scope=\"scope\">\n\n#text-box-1096803262 {\n  width: 100%;\n}\n#text-box-1096803262 .text {\n  font-size: 100%;\n}\n\n\n@media (min-width:550px) {\n\n  #text-box-1096803262 {\n    width: 70%;\n  }\n\n}\n<\/style>\n    <\/div><!-- text-box -->\n \n        <\/div><!-- .banner-layers -->\n      <\/div><!-- .banner-inner -->\n\n            \n<style scope=\"scope\">\n\n#banner-885308637 {\n  padding-top: 450px;\n  background-color: rgb(225, 70, 16);\n}\n#banner-885308637 .bg.bg-loaded {\n  background-image: url(https:\/\/hatchadourian.com.ar\/web\/wp-content\/uploads\/2022\/10\/home1-1024x683.jpg);\n}\n#banner-885308637 .bg {\n  background-position: 58% 63%;\n}\n<\/style>\n  <\/div><!-- .banner -->\n\n\n     <\/div>\n\n     <div class=\"loading-spin dark large centered\"><\/div>\n\n     <style scope=\"scope\">\n             <\/style>\n<\/div><!-- .ux-slider-wrapper -->\n\n\n<div class=\"slider-wrapper relative \" id=\"slider-917497475\" >\n    <div class=\"slider slider-nav-circle slider-nav-large slider-nav-light slider-style-normal\"\n        data-flickity-options='{\n            \"cellAlign\": \"center\",\n            \"imagesLoaded\": true,\n            \"lazyLoad\": 1,\n            \"freeScroll\": false,\n            \"wrapAround\": true,\n            \"autoPlay\": 2000,\n            \"pauseAutoPlayOnHover\" : true,\n            \"prevNextButtons\": true,\n            \"contain\" : true,\n            \"adaptiveHeight\" : true,\n            \"dragThreshold\" : 10,\n            \"percentPosition\": true,\n            \"pageDots\": true,\n            \"rightToLeft\": false,\n            \"draggable\": true,\n            \"selectedAttraction\": 0.1,\n            \"parallax\" : 0,\n            \"friction\": 0.6        }'\n        >\n        \n\n  <div class=\"banner has-hover has-parallax\" id=\"banner-1802308912\">\n          <div class=\"banner-inner fill\">\n        <div class=\"banner-bg fill\" data-parallax=\"-1\" data-parallax-container=\".banner\" data-parallax-background>\n            <div class=\"bg fill bg-fill \"><\/div>\n                        <div class=\"overlay\"><\/div>            \n                    <\/div><!-- bg-layers -->\n        <div class=\"banner-layers container\">\n            <div class=\"fill banner-link\"><\/div>            \n   <div id=\"text-box-1135482118\" class=\"text-box banner-layer x50 md-x50 lg-x50 y50 md-y50 lg-y50 res-text\">\n                                <div class=\"text dark\">\n              \n              <div class=\"text-inner text-center\">\n                  \n  <div class=\"icon-box testimonial-box icon-box-left text-left\">\n                <div class=\"icon-box-text p-last-0\">\n          <div class=\"star-rating\"><span style=\"width:100%\"><strong class=\"rating\"><\/strong><\/span><\/div>  \t\t\t\t<div class=\"testimonial-text line-height-small italic test_text first-reset last-reset is-italic\">\n            \n<h4 style=\"text-align: center;\"><sup><em>Somos profesionales de las Ciencias Econ\u00f3micas y trabajamos orientados a brindar SOLUCIONES en todas las \u00e1reas de nuestra incumbencia.\u00a0<\/em><\/sup><\/h4>\n          <\/div>\n          <div class=\"testimonial-meta pt-half\">\n             <strong class=\"testimonial-name test_name\"><\/strong>\n                          <span class=\"testimonial-company test_company\"><\/span>\n          <\/div>\n        <\/div>\n  <\/div><!-- .icon-box -->\n\n  \n              <\/div>\n           <\/div><!-- text-box-inner -->\n                            \n<style scope=\"scope\">\n\n#text-box-1135482118 {\n  width: 62%;\n}\n#text-box-1135482118 .text {\n  font-size: 100%;\n}\n<\/style>\n    <\/div><!-- text-box -->\n \n        <\/div><!-- .banner-layers -->\n      <\/div><!-- .banner-inner -->\n\n            \n<style scope=\"scope\">\n\n#banner-1802308912 {\n  padding-top: 200px;\n}\n#banner-1802308912 .bg.bg-loaded {\n  background-image: 8011;\n}\n#banner-1802308912 .overlay {\n  background-color: rgba(0,0,0,.5);\n}\n<\/style>\n  <\/div><!-- .banner -->\n\n\n     <\/div>\n\n     <div class=\"loading-spin dark large centered\"><\/div>\n\n     <style scope=\"scope\">\n             <\/style>\n<\/div><!-- .ux-slider-wrapper -->\n\n\n<div class=\"row\"  id=\"row-1174447443\">\n<div class=\"col medium-2 small-12 large-2\"  ><div class=\"col-inner\"  >\n<\/div><\/div>\n<div class=\"col medium-8 small-12 large-8\"  ><div class=\"col-inner\"  >\n<p><strong>SOBRE NOSOTROS<\/strong><\/p>\n<p>Somos un equipo de trabajo conformado por profesionales en el campo de las ciencias econ\u00f3micas con una s\u00f3lida formaci\u00f3n y una experiencia de m\u00e1s de 30 a\u00f1os.<\/p>\n<p>Trabajamos de manera coordinada con nuestros clientes, ya que entendemos que las organizaciones necesitan una visi\u00f3n global y logramos este an\u00e1lisis en forma multidisciplinaria.<\/p>\n<p>Como Estudio Contable consideramos imprescindible analizar las caracter\u00edsticas de cada compa\u00f1\u00eda en forma particular, teniendo siempre en cuenta su situaci\u00f3n dentro del contexto en el que desarrolla sus negocios, y as\u00ed poder aportar soluciones inteligentes, con alto grado de calidad, confidencialidad y valores \u00e9ticos. Este trabajo en equipo alimenta la confianza hacia adentro y hacia fuera de nuestra organizaci\u00f3n.<\/p>\n<p>Nos capacitamos en forma permanente en los temas de nuestro \u00e1mbito de acci\u00f3n con el fin de agregar valor a nuestros clientes.<\/p>\n<\/div><\/div>\n<div class=\"col medium-2 small-12 large-2\"  ><div class=\"col-inner\"  >\n<\/div><\/div>\n<\/div>\n","protected":false},"excerpt":{"rendered":"","protected":false},"author":3,"featured_media":0,"parent":0,"menu_order":0,"comment_status":"closed","ping_status":"closed","template":"page-blank.php","meta":{"iawp_total_views":2175,"_joinchat":[],"footnotes":""},"class_list":["post-23","page","type-page","status-publish","hentry"],"_links":{"self":[{"href":"https:\/\/hatchadourian.com.ar\/web\/wp-json\/wp\/v2\/pages\/23","targetHints":{"allow":["GET"]}}],"collection":[{"href":"https:\/\/hatchadourian.com.ar\/web\/wp-json\/wp\/v2\/pages"}],"about":[{"href":"https:\/\/hatchadourian.com.ar\/web\/wp-json\/wp\/v2\/types\/page"}],"author":[{"embeddable":true,"href":"https:\/\/hatchadourian.com.ar\/web\/wp-json\/wp\/v2\/users\/3"}],"replies":[{"embeddable":true,"href":"https:\/\/hatchadourian.com.ar\/web\/wp-json\/wp\/v2\/comments?post=23"}],"version-history":[{"count":4,"href":"https:\/\/hatchadourian.com.ar\/web\/wp-json\/wp\/v2\/pages\/23\/revisions"}],"predecessor-version":[{"id":276,"href":"https:\/\/hatchadourian.com.ar\/web\/wp-json\/wp\/v2\/pages\/23\/revisions\/276"}],"wp:attachment":[{"href":"https:\/\/hatchadourian.com.ar\/web\/wp-json\/wp\/v2\/media?parent=23"}],"curies":[{"name":"wp","href":"https:\/\/api.w.org\/{rel}","templated":true}]}}